{"id":186,"date":"2023-05-19T01:24:35","date_gmt":"2023-05-18T22:24:35","guid":{"rendered":"http:\/\/www.yutek.com.tr\/?page_id=186"},"modified":"2024-06-23T16:47:56","modified_gmt":"2024-06-23T13:47:56","slug":"anasayfa","status":"publish","type":"page","link":"https:\/\/www.yutek.com.tr\/","title":{"rendered":"Anasayfa"},"content":{"rendered":"\t\t<div data-elementor-type=\"wp-page\" data-elementor-id=\"186\" class=\"elementor elementor-186\">\n\t\t\t\t\t\t<section class=\"elementor-section elementor-top-section elementor-element elementor-element-700392f elementor-section-boxed elementor-section-height-default elementor-section-height-default\" data-id=\"700392f\" data-element_type=\"section\" data-settings=\"{&quot;background_background&quot;:&quot;classic&quot;,&quot;animation&quot;:&quot;none&quot;}\">\n\t\t\t\t\t\t<div class=\"elementor-container elementor-column-gap-default\">\n\t\t\t\t\t<div class=\"elementor-column elementor-col-100 elementor-top-column elementor-element elementor-element-88d6d28\" data-id=\"88d6d28\" data-element_type=\"column\">\n\t\t\t<div class=\"elementor-widget-wrap elementor-element-populated\">\n\t\t\t\t\t\t<div class=\"elementor-element elementor-element-50b0ab6 elementor-arrows-position-outside elementor-widget__width-initial elementor-pagination-position-outside elementor-widget elementor-widget-image-carousel\" data-id=\"50b0ab6\" data-element_type=\"widget\" data-settings=\"{&quot;slides_to_show&quot;:&quot;7&quot;,&quot;pause_on_hover&quot;:&quot;no&quot;,&quot;slides_to_scroll&quot;:&quot;1&quot;,&quot;image_spacing_custom&quot;:{&quot;unit&quot;:&quot;px&quot;,&quot;size&quot;:10,&quot;sizes&quot;:[]},&quot;navigation&quot;:&quot;both&quot;,&quot;autoplay&quot;:&quot;yes&quot;,&quot;pause_on_interaction&quot;:&quot;yes&quot;,&quot;autoplay_speed&quot;:5000,&quot;infinite&quot;:&quot;yes&quot;,&quot;speed&quot;:500,&quot;image_spacing_custom_tablet&quot;:{&quot;unit&quot;:&quot;px&quot;,&quot;size&quot;:&quot;&quot;,&quot;sizes&quot;:[]},&quot;image_spacing_custom_mobile&quot;:{&quot;unit&quot;:&quot;px&quot;,&quot;size&quot;:&quot;&quot;,&quot;sizes&quot;:[]}}\" data-widget_type=\"image-carousel.default\">\n\t\t\t\t<div class=\"elementor-widget-container\">\n\t\t\t<style>\/*! elementor - v3.22.0 - 26-06-2024 *\/\n.elementor-widget-image-carousel .swiper,.elementor-widget-image-carousel .swiper-container{position:static}.elementor-widget-image-carousel .swiper-container .swiper-slide figure,.elementor-widget-image-carousel .swiper .swiper-slide figure{line-height:inherit}.elementor-widget-image-carousel .swiper-slide{text-align:center}.elementor-image-carousel-wrapper:not(.swiper-container-initialized):not(.swiper-initialized) .swiper-slide{max-width:calc(100% \/ var(--e-image-carousel-slides-to-show, 3))}<\/style>\t\t<div class=\"elementor-image-carousel-wrapper swiper\" dir=\"ltr\">\n\t\t\t<div class=\"elementor-image-carousel swiper-wrapper\" aria-live=\"off\">\n\t\t\t\t\t\t\t\t<div class=\"swiper-slide\" role=\"group\" aria-roledescription=\"slide\" aria-label=\"1 \/ 10\"><figure class=\"swiper-slide-inner\"><img decoding=\"async\" class=\"swiper-slide-image\" src=\"https:\/\/www.yutek.com.tr\/wp-content\/uploads\/2023\/05\/YUTE-MiniInduksiyon1kW-150x150.jpg\" alt=\"Mini Kaynak 3kW\" \/><figcaption class=\"elementor-image-carousel-caption\">Mini Kaynak 3kW<\/figcaption><\/figure><\/div><div class=\"swiper-slide\" role=\"group\" aria-roledescription=\"slide\" aria-label=\"2 \/ 10\"><figure class=\"swiper-slide-inner\"><img decoding=\"async\" class=\"swiper-slide-image\" src=\"https:\/\/www.yutek.com.tr\/wp-content\/uploads\/2023\/05\/YUTEK-15kW-150x150.jpg\" alt=\"Kaynak 5-15kW\" \/><figcaption class=\"elementor-image-carousel-caption\">Kaynak 5-15kW<\/figcaption><\/figure><\/div><div class=\"swiper-slide\" role=\"group\" aria-roledescription=\"slide\" aria-label=\"3 \/ 10\"><figure class=\"swiper-slide-inner\"><img decoding=\"async\" class=\"swiper-slide-image\" src=\"https:\/\/www.yutek.com.tr\/wp-content\/uploads\/2023\/05\/cropped-ind5kw-1-150x150.jpg\" alt=\"Kaynak 15kW\" \/><figcaption class=\"elementor-image-carousel-caption\">Kaynak 15kW<\/figcaption><\/figure><\/div><div class=\"swiper-slide\" role=\"group\" aria-roledescription=\"slide\" aria-label=\"4 \/ 10\"><figure class=\"swiper-slide-inner\"><img decoding=\"async\" class=\"swiper-slide-image\" src=\"https:\/\/www.yutek.com.tr\/wp-content\/uploads\/2023\/05\/ind15kw-150x150.jpg\" alt=\"Kaynak 20kW\" \/><figcaption class=\"elementor-image-carousel-caption\">Kaynak 20kW<\/figcaption><\/figure><\/div><div class=\"swiper-slide\" role=\"group\" aria-roledescription=\"slide\" aria-label=\"5 \/ 10\"><figure class=\"swiper-slide-inner\"><img decoding=\"async\" class=\"swiper-slide-image\" src=\"https:\/\/www.yutek.com.tr\/wp-content\/uploads\/2023\/05\/IND-75-1-150x150.jpg\" alt=\"U\u00e7 \u0131s\u0131tma-D\u00f6vme 20-50kW\" \/><figcaption class=\"elementor-image-carousel-caption\">U\u00e7 \u0131s\u0131tma-D\u00f6vme 20-50kW<\/figcaption><\/figure><\/div><div class=\"swiper-slide\" role=\"group\" aria-roledescription=\"slide\" aria-label=\"6 \/ 10\"><figure class=\"swiper-slide-inner\"><img decoding=\"async\" class=\"swiper-slide-image\" src=\"https:\/\/www.yutek.com.tr\/wp-content\/uploads\/2023\/05\/IND-150-150x150.jpg\" alt=\"D\u00f6vme 50-150kW\" \/><figcaption class=\"elementor-image-carousel-caption\">D\u00f6vme 50-150kW<\/figcaption><\/figure><\/div><div class=\"swiper-slide\" role=\"group\" aria-roledescription=\"slide\" aria-label=\"7 \/ 10\"><figure class=\"swiper-slide-inner\"><img decoding=\"async\" class=\"swiper-slide-image\" src=\"https:\/\/www.yutek.com.tr\/wp-content\/uploads\/2023\/05\/IND-400-150x150.jpg\" alt=\"D\u00f6vme \u00c7oklu 200-450kW\" \/><figcaption class=\"elementor-image-carousel-caption\">D\u00f6vme \u00c7oklu 200-450kW<\/figcaption><\/figure><\/div><div class=\"swiper-slide\" role=\"group\" aria-roledescription=\"slide\" aria-label=\"8 \/ 10\"><figure class=\"swiper-slide-inner\"><img decoding=\"async\" class=\"swiper-slide-image\" src=\"https:\/\/www.yutek.com.tr\/wp-content\/uploads\/2024\/06\/vertical-hardening800mm-150x150.jpg\" alt=\"vertical-hardening800mm\" \/><\/figure><\/div><div class=\"swiper-slide\" role=\"group\" aria-roledescription=\"slide\" aria-label=\"9 \/ 10\"><figure class=\"swiper-slide-inner\"><img decoding=\"async\" class=\"swiper-slide-image\" src=\"https:\/\/www.yutek.com.tr\/wp-content\/uploads\/2024\/06\/20201214_204131-150x150.jpg\" alt=\"20201214_204131\" \/><\/figure><\/div><div class=\"swiper-slide\" role=\"group\" aria-roledescription=\"slide\" aria-label=\"10 \/ 10\"><figure class=\"swiper-slide-inner\"><img decoding=\"async\" class=\"swiper-slide-image\" src=\"https:\/\/www.yutek.com.tr\/wp-content\/uploads\/2024\/06\/20170824_120952-150x150.jpg\" alt=\"20170824_120952\" \/><\/figure><\/div>\t\t\t<\/div>\n\t\t\t\t\t\t\t\t\t\t\t\t<div class=\"elementor-swiper-button elementor-swiper-button-prev\" role=\"button\" tabindex=\"0\">\n\t\t\t\t\t\t<i aria-hidden=\"true\" class=\"eicon-chevron-left\"><\/i>\t\t\t\t\t<\/div>\n\t\t\t\t\t<div class=\"elementor-swiper-button elementor-swiper-button-next\" role=\"button\" tabindex=\"0\">\n\t\t\t\t\t\t<i aria-hidden=\"true\" class=\"eicon-chevron-right\"><\/i>\t\t\t\t\t<\/div>\n\t\t\t\t\n\t\t\t\t\t\t\t\t\t<div class=\"swiper-pagination\"><\/div>\n\t\t\t\t\t\t\t\t\t<\/div>\n\t\t\t\t<\/div>\n\t\t\t\t<\/div>\n\t\t\t\t\t<\/div>\n\t\t<\/div>\n\t\t\t\t\t<\/div>\n\t\t<\/section>\n\t\t\t\t<section class=\"elementor-section elementor-top-section elementor-element elementor-element-f7bc07e elementor-section-boxed elementor-section-height-default elementor-section-height-default\" data-id=\"f7bc07e\" data-element_type=\"section\">\n\t\t\t\t\t\t<div class=\"elementor-container elementor-column-gap-default\">\n\t\t\t\t\t<div class=\"elementor-column elementor-col-100 elementor-top-column elementor-element elementor-element-8016557\" data-id=\"8016557\" data-element_type=\"column\">\n\t\t\t<div class=\"elementor-widget-wrap elementor-element-populated\">\n\t\t\t\t\t\t<div class=\"elementor-element elementor-element-5700fa1 elementor-widget elementor-widget-heading\" data-id=\"5700fa1\" data-element_type=\"widget\" data-widget_type=\"heading.default\">\n\t\t\t\t<div class=\"elementor-widget-container\">\n\t\t\t<style>\/*! elementor - v3.22.0 - 26-06-2024 *\/\n.elementor-heading-title{padding:0;margin:0;line-height:1}.elementor-widget-heading .elementor-heading-title[class*=elementor-size-]>a{color:inherit;font-size:inherit;line-height:inherit}.elementor-widget-heading .elementor-heading-title.elementor-size-small{font-size:15px}.elementor-widget-heading .elementor-heading-title.elementor-size-medium{font-size:19px}.elementor-widget-heading .elementor-heading-title.elementor-size-large{font-size:29px}.elementor-widget-heading .elementor-heading-title.elementor-size-xl{font-size:39px}.elementor-widget-heading .elementor-heading-title.elementor-size-xxl{font-size:59px}<\/style><h1 class=\"elementor-heading-title elementor-size-default\">T\u00fcrkiyede ilk \u0130nd\u00fcksiyon Is\u0131tma sistemlerini tasarlay\u0131p \u00fcrettik.\n\n 2001 senesinde ilk ind\u00fcksiyon \u0131s\u0131tma cihaz\u0131n\u0131n sat\u0131\u015f\u0131n\u0131 ger\u00e7ekle\u015ftirdik.\n\n\u00dcretimini yapt\u0131\u011f\u0131m\u0131z cihazlar;\n\nTavlama ve normalle\u015ftirme,\nC\u0131vata \u0131s\u0131tma,\nYap\u0131\u015ft\u0131rma,\nLehimleme,\nD\u00f6vme,\nSertle\u015ftirme,\nEritme,\nBoya ve kaplaman\u0131n s\u00f6k\u00fclmesi,\n\u00d6n \u0131s\u0131tma,\nDaralan montaj,\nDo\u011frultma,\nTemperleme,\nKaynak,\nTel ve kablo \u0131s\u0131tma,\nMobil ind\u00fcksiyon<\/h1>\t\t<\/div>\n\t\t\t\t<\/div>\n\t\t\t\t\t<\/div>\n\t\t<\/div>\n\t\t\t\t\t<\/div>\n\t\t<\/section>\n\t\t\t\t<section class=\"elementor-section elementor-top-section elementor-element elementor-element-dbdc829 elementor-section-boxed elementor-section-height-default elementor-section-height-default\" data-id=\"dbdc829\" data-element_type=\"section\" data-settings=\"{&quot;background_background&quot;:&quot;classic&quot;}\">\n\t\t\t\t\t\t<div class=\"elementor-container elementor-column-gap-default\">\n\t\t\t\t\t<div class=\"elementor-column elementor-col-33 elementor-top-column elementor-element elementor-element-9f9d759\" data-id=\"9f9d759\" data-element_type=\"column\">\n\t\t\t<div class=\"elementor-widget-wrap\">\n\t\t\t\t\t\t\t<\/div>\n\t\t<\/div>\n\t\t\t\t<div class=\"elementor-column elementor-col-33 elementor-top-column elementor-element elementor-element-bab93d6\" data-id=\"bab93d6\" data-element_type=\"column\">\n\t\t\t<div class=\"elementor-widget-wrap elementor-element-populated\">\n\t\t\t\t\t\t<div class=\"elementor-element elementor-element-c60923a elementor-widget__width-initial elementor-widget elementor-widget-heading\" data-id=\"c60923a\" data-element_type=\"widget\" data-widget_type=\"heading.default\">\n\t\t\t\t<div class=\"elementor-widget-container\">\n\t\t\t<h2 class=\"elementor-heading-title elementor-size-default\">\u0130nd\u00fcksiyon Uygulamalar\u0131<\/h2>\t\t<\/div>\n\t\t\t\t<\/div>\n\t\t\t\t\t<\/div>\n\t\t<\/div>\n\t\t\t\t<div class=\"elementor-column elementor-col-33 elementor-top-column elementor-element elementor-element-a00eb34\" data-id=\"a00eb34\" data-element_type=\"column\">\n\t\t\t<div class=\"elementor-widget-wrap\">\n\t\t\t\t\t\t\t<\/div>\n\t\t<\/div>\n\t\t\t\t\t<\/div>\n\t\t<\/section>\n\t\t\t\t<section class=\"elementor-section elementor-top-section elementor-element elementor-element-984e5ee elementor-section-boxed elementor-section-height-default elementor-section-height-default\" data-id=\"984e5ee\" data-element_type=\"section\">\n\t\t\t\t\t\t<div class=\"elementor-container elementor-column-gap-default\">\n\t\t\t\t\t<div class=\"elementor-column elementor-col-100 elementor-top-column elementor-element elementor-element-3622595\" data-id=\"3622595\" data-element_type=\"column\">\n\t\t\t<div class=\"elementor-widget-wrap\">\n\t\t\t\t\t\t\t<\/div>\n\t\t<\/div>\n\t\t\t\t\t<\/div>\n\t\t<\/section>\n\t\t\t\t<section class=\"elementor-section elementor-top-section elementor-element elementor-element-dbd1611 elementor-section-boxed elementor-section-height-default elementor-section-height-default\" data-id=\"dbd1611\" data-element_type=\"section\" data-settings=\"{&quot;background_background&quot;:&quot;classic&quot;}\">\n\t\t\t\t\t\t<div class=\"elementor-container elementor-column-gap-default\">\n\t\t\t\t\t<div class=\"elementor-column elementor-col-33 elementor-top-column elementor-element elementor-element-72d64ff\" data-id=\"72d64ff\" data-element_type=\"column\" data-settings=\"{&quot;background_background&quot;:&quot;classic&quot;}\">\n\t\t\t<div class=\"elementor-widget-wrap elementor-element-populated\">\n\t\t\t\t\t\t<div class=\"elementor-element elementor-element-b4ab45d elementor-widget elementor-widget-image\" data-id=\"b4ab45d\" data-element_type=\"widget\" data-widget_type=\"image.default\">\n\t\t\t\t<div class=\"elementor-widget-container\">\n\t\t\t<style>\/*! elementor - v3.22.0 - 26-06-2024 *\/\n.elementor-widget-image{text-align:center}.elementor-widget-image a{display:inline-block}.elementor-widget-image a img[src$=\".svg\"]{width:48px}.elementor-widget-image img{vertical-align:middle;display:inline-block}<\/style>\t\t\t\t\t\t\t<figure class=\"wp-caption\">\n\t\t\t\t\t\t\t\t\t\t\t<a href=\"https:\/\/www.yutek.com.tr\/?p=400\">\n\t\t\t\t\t\t\t<img fetchpriority=\"high\" decoding=\"async\" width=\"300\" height=\"176\" src=\"https:\/\/www.yutek.com.tr\/wp-content\/uploads\/2023\/05\/YUTE-MiniInduksiyon1kW-300x176.jpg\" class=\"attachment-medium size-medium wp-image-389\" alt=\"\" srcset=\"https:\/\/www.yutek.com.tr\/wp-content\/uploads\/2023\/05\/YUTE-MiniInduksiyon1kW-300x176.jpg 300w, https:\/\/www.yutek.com.tr\/wp-content\/uploads\/2023\/05\/YUTE-MiniInduksiyon1kW-1024x599.jpg 1024w, https:\/\/www.yutek.com.tr\/wp-content\/uploads\/2023\/05\/YUTE-MiniInduksiyon1kW-768x449.jpg 768w, https:\/\/www.yutek.com.tr\/wp-content\/uploads\/2023\/05\/YUTE-MiniInduksiyon1kW-600x351.jpg 600w, https:\/\/www.yutek.com.tr\/wp-content\/uploads\/2023\/05\/YUTE-MiniInduksiyon1kW.jpg 1157w\" sizes=\"(max-width: 300px) 100vw, 300px\" \/>\t\t\t\t\t\t\t\t<\/a>\n\t\t\t\t\t\t\t\t\t\t\t<figcaption class=\"widget-image-caption wp-caption-text\">\u0130nce ve Hassas kaynak i\u015fleri<\/figcaption>\n\t\t\t\t\t\t\t\t\t\t<\/figure>\n\t\t\t\t\t\t\t<\/div>\n\t\t\t\t<\/div>\n\t\t\t\t\t<\/div>\n\t\t<\/div>\n\t\t\t\t<div class=\"elementor-column elementor-col-33 elementor-top-column elementor-element elementor-element-083b355\" data-id=\"083b355\" data-element_type=\"column\">\n\t\t\t<div class=\"elementor-widget-wrap elementor-element-populated\">\n\t\t\t\t\t\t<div class=\"elementor-element elementor-element-fa913e7 elementor-widget elementor-widget-image\" data-id=\"fa913e7\" data-element_type=\"widget\" data-widget_type=\"image.default\">\n\t\t\t\t<div class=\"elementor-widget-container\">\n\t\t\t\t\t\t\t\t\t\t<figure class=\"wp-caption\">\n\t\t\t\t\t\t\t\t\t\t\t<a href=\"https:\/\/www.yutek.com.tr\/?p=400\">\n\t\t\t\t\t\t\t<img decoding=\"async\" width=\"300\" height=\"250\" src=\"https:\/\/www.yutek.com.tr\/wp-content\/uploads\/2023\/05\/YUTEK-15kW-300x250.jpg\" class=\"attachment-medium size-medium wp-image-384\" alt=\"\" srcset=\"https:\/\/www.yutek.com.tr\/wp-content\/uploads\/2023\/05\/YUTEK-15kW-300x250.jpg 300w, https:\/\/www.yutek.com.tr\/wp-content\/uploads\/2023\/05\/YUTEK-15kW-600x501.jpg 600w, https:\/\/www.yutek.com.tr\/wp-content\/uploads\/2023\/05\/YUTEK-15kW.jpg 739w\" sizes=\"(max-width: 300px) 100vw, 300px\" \/>\t\t\t\t\t\t\t\t<\/a>\n\t\t\t\t\t\t\t\t\t\t\t<figcaption class=\"widget-image-caption wp-caption-text\">Bak\u0131r ve Al\u00fcminyum kayna\u011f\u0131<\/figcaption>\n\t\t\t\t\t\t\t\t\t\t<\/figure>\n\t\t\t\t\t\t\t<\/div>\n\t\t\t\t<\/div>\n\t\t\t\t\t<\/div>\n\t\t<\/div>\n\t\t\t\t<div class=\"elementor-column elementor-col-33 elementor-top-column elementor-element elementor-element-130464a\" data-id=\"130464a\" data-element_type=\"column\">\n\t\t\t<div class=\"elementor-widget-wrap elementor-element-populated\">\n\t\t\t\t\t\t<div class=\"elementor-element elementor-element-2628b9f elementor-widget elementor-widget-image\" data-id=\"2628b9f\" data-element_type=\"widget\" data-widget_type=\"image.default\">\n\t\t\t\t<div class=\"elementor-widget-container\">\n\t\t\t\t\t\t\t\t\t\t<figure class=\"wp-caption\">\n\t\t\t\t\t\t\t\t\t\t\t<a href=\"https:\/\/www.yutek.com.tr\/?p=420\">\n\t\t\t\t\t\t\t<img decoding=\"async\" width=\"300\" height=\"252\" src=\"https:\/\/www.yutek.com.tr\/wp-content\/uploads\/2023\/05\/IND-75-1-300x252.jpg\" class=\"attachment-medium size-medium wp-image-53\" alt=\"\" srcset=\"https:\/\/www.yutek.com.tr\/wp-content\/uploads\/2023\/05\/IND-75-1-300x252.jpg 300w, https:\/\/www.yutek.com.tr\/wp-content\/uploads\/2023\/05\/IND-75-1-600x505.jpg 600w, https:\/\/www.yutek.com.tr\/wp-content\/uploads\/2023\/05\/IND-75-1-768x646.jpg 768w, https:\/\/www.yutek.com.tr\/wp-content\/uploads\/2023\/05\/IND-75-1.jpg 876w\" sizes=\"(max-width: 300px) 100vw, 300px\" \/>\t\t\t\t\t\t\t\t<\/a>\n\t\t\t\t\t\t\t\t\t\t\t<figcaption class=\"widget-image-caption wp-caption-text\">U\u00e7 Is\u0131tma ve D\u00f6vme<\/figcaption>\n\t\t\t\t\t\t\t\t\t\t<\/figure>\n\t\t\t\t\t\t\t<\/div>\n\t\t\t\t<\/div>\n\t\t\t\t\t<\/div>\n\t\t<\/div>\n\t\t\t\t\t<\/div>\n\t\t<\/section>\n\t\t\t\t<section class=\"elementor-section elementor-top-section elementor-element elementor-element-603f21c elementor-section-boxed elementor-section-height-default elementor-section-height-default\" data-id=\"603f21c\" data-element_type=\"section\" data-settings=\"{&quot;background_background&quot;:&quot;classic&quot;}\">\n\t\t\t\t\t\t<div class=\"elementor-container elementor-column-gap-default\">\n\t\t\t\t\t<div class=\"elementor-column elementor-col-33 elementor-top-column elementor-element elementor-element-fe82b5d\" data-id=\"fe82b5d\" data-element_type=\"column\" data-settings=\"{&quot;background_background&quot;:&quot;classic&quot;}\">\n\t\t\t<div class=\"elementor-widget-wrap elementor-element-populated\">\n\t\t\t\t\t\t<div class=\"elementor-element elementor-element-b90c15a elementor-widget elementor-widget-image\" data-id=\"b90c15a\" data-element_type=\"widget\" data-widget_type=\"image.default\">\n\t\t\t\t<div class=\"elementor-widget-container\">\n\t\t\t\t\t\t\t\t\t\t<figure class=\"wp-caption\">\n\t\t\t\t\t\t\t\t\t\t\t<a href=\"https:\/\/www.yutek.com.tr\/?p=420\">\n\t\t\t\t\t\t\t<img loading=\"lazy\" decoding=\"async\" width=\"300\" height=\"237\" src=\"https:\/\/www.yutek.com.tr\/wp-content\/uploads\/2023\/05\/IND-150-300x237.jpg\" class=\"attachment-medium size-medium wp-image-55\" alt=\"\" srcset=\"https:\/\/www.yutek.com.tr\/wp-content\/uploads\/2023\/05\/IND-150-300x237.jpg 300w, https:\/\/www.yutek.com.tr\/wp-content\/uploads\/2023\/05\/IND-150-600x474.jpg 600w, https:\/\/www.yutek.com.tr\/wp-content\/uploads\/2023\/05\/IND-150-768x607.jpg 768w, https:\/\/www.yutek.com.tr\/wp-content\/uploads\/2023\/05\/IND-150.jpg 932w\" sizes=\"(max-width: 300px) 100vw, 300px\" \/>\t\t\t\t\t\t\t\t<\/a>\n\t\t\t\t\t\t\t\t\t\t\t<figcaption class=\"widget-image-caption wp-caption-text\">D\u00f6vme i\u015flemi<\/figcaption>\n\t\t\t\t\t\t\t\t\t\t<\/figure>\n\t\t\t\t\t\t\t<\/div>\n\t\t\t\t<\/div>\n\t\t\t\t\t<\/div>\n\t\t<\/div>\n\t\t\t\t<div class=\"elementor-column elementor-col-33 elementor-top-column elementor-element elementor-element-4594cec\" data-id=\"4594cec\" data-element_type=\"column\">\n\t\t\t<div class=\"elementor-widget-wrap elementor-element-populated\">\n\t\t\t\t\t\t<div class=\"elementor-element elementor-element-d9ce6bf elementor-widget elementor-widget-image\" data-id=\"d9ce6bf\" data-element_type=\"widget\" data-widget_type=\"image.default\">\n\t\t\t\t<div class=\"elementor-widget-container\">\n\t\t\t\t\t\t\t\t\t\t<figure class=\"wp-caption\">\n\t\t\t\t\t\t\t\t\t\t\t<a href=\"https:\/\/www.yutek.com.tr\/?p=460\">\n\t\t\t\t\t\t\t<img loading=\"lazy\" decoding=\"async\" width=\"300\" height=\"165\" src=\"https:\/\/www.yutek.com.tr\/wp-content\/uploads\/2023\/05\/IndDokme-300x165.jpg\" class=\"attachment-medium size-medium wp-image-57\" alt=\"\" srcset=\"https:\/\/www.yutek.com.tr\/wp-content\/uploads\/2023\/05\/IndDokme-300x165.jpg 300w, https:\/\/www.yutek.com.tr\/wp-content\/uploads\/2023\/05\/IndDokme-600x331.jpg 600w, https:\/\/www.yutek.com.tr\/wp-content\/uploads\/2023\/05\/IndDokme-1024x565.jpg 1024w, https:\/\/www.yutek.com.tr\/wp-content\/uploads\/2023\/05\/IndDokme-768x424.jpg 768w, https:\/\/www.yutek.com.tr\/wp-content\/uploads\/2023\/05\/IndDokme-1536x847.jpg 1536w, https:\/\/www.yutek.com.tr\/wp-content\/uploads\/2023\/05\/IndDokme.jpg 1681w\" sizes=\"(max-width: 300px) 100vw, 300px\" \/>\t\t\t\t\t\t\t\t<\/a>\n\t\t\t\t\t\t\t\t\t\t\t<figcaption class=\"widget-image-caption wp-caption-text\">Eritme i\u015flemi<\/figcaption>\n\t\t\t\t\t\t\t\t\t\t<\/figure>\n\t\t\t\t\t\t\t<\/div>\n\t\t\t\t<\/div>\n\t\t\t\t\t<\/div>\n\t\t<\/div>\n\t\t\t\t<div class=\"elementor-column elementor-col-33 elementor-top-column elementor-element elementor-element-f62ceab\" data-id=\"f62ceab\" data-element_type=\"column\">\n\t\t\t<div class=\"elementor-widget-wrap elementor-element-populated\">\n\t\t\t\t\t\t<div class=\"elementor-element elementor-element-1526e96 elementor-widget elementor-widget-image\" data-id=\"1526e96\" data-element_type=\"widget\" data-widget_type=\"image.default\">\n\t\t\t\t<div class=\"elementor-widget-container\">\n\t\t\t\t\t\t\t\t\t\t<figure class=\"wp-caption\">\n\t\t\t\t\t\t\t\t\t\t\t<a href=\"https:\/\/www.yutek.com.tr\/?cat=40\">\n\t\t\t\t\t\t\t<img loading=\"lazy\" decoding=\"async\" width=\"300\" height=\"161\" src=\"https:\/\/www.yutek.com.tr\/wp-content\/uploads\/2024\/06\/vertical-hardening800mm-300x161.jpg\" class=\"attachment-medium size-medium wp-image-505\" alt=\"\" srcset=\"https:\/\/www.yutek.com.tr\/wp-content\/uploads\/2024\/06\/vertical-hardening800mm-300x161.jpg 300w, https:\/\/www.yutek.com.tr\/wp-content\/uploads\/2024\/06\/vertical-hardening800mm-1024x549.jpg 1024w, https:\/\/www.yutek.com.tr\/wp-content\/uploads\/2024\/06\/vertical-hardening800mm-768x412.jpg 768w, https:\/\/www.yutek.com.tr\/wp-content\/uploads\/2024\/06\/vertical-hardening800mm-1536x824.jpg 1536w, https:\/\/www.yutek.com.tr\/wp-content\/uploads\/2024\/06\/vertical-hardening800mm-600x322.jpg 600w, https:\/\/www.yutek.com.tr\/wp-content\/uploads\/2024\/06\/vertical-hardening800mm.jpg 1605w\" sizes=\"(max-width: 300px) 100vw, 300px\" \/>\t\t\t\t\t\t\t\t<\/a>\n\t\t\t\t\t\t\t\t\t\t\t<figcaption class=\"widget-image-caption wp-caption-text\">Sertle\u015ftirme \u0130\u015flemi<\/figcaption>\n\t\t\t\t\t\t\t\t\t\t<\/figure>\n\t\t\t\t\t\t\t<\/div>\n\t\t\t\t<\/div>\n\t\t\t\t\t<\/div>\n\t\t<\/div>\n\t\t\t\t\t<\/div>\n\t\t<\/section>\n\t\t\t\t<section class=\"elementor-section elementor-top-section elementor-element elementor-element-d535421 elementor-section-boxed elementor-section-height-default elementor-section-height-default\" data-id=\"d535421\" data-element_type=\"section\">\n\t\t\t\t\t\t<div class=\"elementor-container elementor-column-gap-default\">\n\t\t\t\t\t<div class=\"elementor-column elementor-col-100 elementor-top-column elementor-element elementor-element-bcd5463\" data-id=\"bcd5463\" data-element_type=\"column\">\n\t\t\t<div class=\"elementor-widget-wrap elementor-element-populated\">\n\t\t\t\t\t\t<div class=\"elementor-element elementor-element-cb89faf elementor-widget elementor-widget-heading\" data-id=\"cb89faf\" data-element_type=\"widget\" data-widget_type=\"heading.default\">\n\t\t\t\t<div class=\"elementor-widget-container\">\n\t\t\t<h1 class=\"elementor-heading-title elementor-size-default\">FAYDALI B\u0130LG\u0130LER<\/h1>\t\t<\/div>\n\t\t\t\t<\/div>\n\t\t\t\t\t<\/div>\n\t\t<\/div>\n\t\t\t\t\t<\/div>\n\t\t<\/section>\n\t\t\t\t<section class=\"elementor-section elementor-top-section elementor-element elementor-element-556f124 elementor-section-boxed elementor-section-height-default elementor-section-height-default\" data-id=\"556f124\" data-element_type=\"section\">\n\t\t\t\t\t\t<div class=\"elementor-container elementor-column-gap-default\">\n\t\t\t\t\t<div class=\"elementor-column elementor-col-50 elementor-top-column elementor-element elementor-element-19a5676\" data-id=\"19a5676\" data-element_type=\"column\" data-settings=\"{&quot;background_background&quot;:&quot;classic&quot;}\">\n\t\t\t<div class=\"elementor-widget-wrap elementor-element-populated\">\n\t\t\t\t\t\t<div class=\"elementor-element elementor-element-3d7b765 elementor-widget elementor-widget-heading\" data-id=\"3d7b765\" data-element_type=\"widget\" data-widget_type=\"heading.default\">\n\t\t\t\t<div class=\"elementor-widget-container\">\n\t\t\t<h2 class=\"elementor-heading-title elementor-size-default\"><a href=\"https:\/\/www.yutek.com.tr\/?p=515\">\u0130nd\u00fcksiyon \u0131s\u0131tma nedir?<\/a><\/h2>\t\t<\/div>\n\t\t\t\t<\/div>\n\t\t\t\t\t<\/div>\n\t\t<\/div>\n\t\t\t\t<div class=\"elementor-column elementor-col-50 elementor-top-column elementor-element elementor-element-e053859\" data-id=\"e053859\" data-element_type=\"column\">\n\t\t\t<div class=\"elementor-widget-wrap elementor-element-populated\">\n\t\t\t\t\t\t<div class=\"elementor-element elementor-element-4d44acb elementor-widget elementor-widget-heading\" data-id=\"4d44acb\" data-element_type=\"widget\" data-widget_type=\"heading.default\">\n\t\t\t\t<div class=\"elementor-widget-container\">\n\t\t\t<h2 class=\"elementor-heading-title elementor-size-default\"><a href=\"https:\/\/www.yutek.com.tr\/?p=620\">\u0130nd\u00fcksiyon \u0131s\u0131tma cihaz\u0131 nas\u0131l se\u00e7ilir?<\/a><\/h2>\t\t<\/div>\n\t\t\t\t<\/div>\n\t\t\t\t\t<\/div>\n\t\t<\/div>\n\t\t\t\t\t<\/div>\n\t\t<\/section>\n\t\t\t\t<\/div>\n\t\t","protected":false},"excerpt":{"rendered":"<p>Mini Kaynak 3kW Kaynak 5-15kW Kaynak 15kW Kaynak 20kW U\u00e7 \u0131s\u0131tma-D\u00f6vme 20-50kW D\u00f6vme 50-150kW D\u00f6vme \u00c7oklu 200-450kW T\u00fcrkiyede ilk \u0130nd\u00fcksiyon Is\u0131tma sistemlerini tasarlay\u0131p \u00fcrettik. 2001 senesinde ilk ind\u00fcksiyon \u0131s\u0131tma cihaz\u0131n\u0131n sat\u0131\u015f\u0131n\u0131 ger\u00e7ekle\u015ftirdik. \u00dcretimini yapt\u0131\u011f\u0131m\u0131z cihazlar; Tavlama ve normalle\u015ftirme, C\u0131vata \u0131s\u0131tma, Yap\u0131\u015ft\u0131rma, Lehimleme, D\u00f6vme, Sertle\u015ftirme, Eritme, Boya ve kaplaman\u0131n s\u00f6k\u00fclmesi, \u00d6n \u0131s\u0131tma, Daralan montaj, Do\u011frultma, Temperleme,&#8230;<\/p>\n","protected":false},"author":1,"featured_media":0,"parent":0,"menu_order":0,"comment_status":"closed","ping_status":"closed","template":"","meta":{"_kad_post_transparent":"","_kad_post_title":"hide","_kad_post_layout":"fullwidth","_kad_post_sidebar_id":"","_kad_post_content_style":"unboxed","_kad_post_vertical_padding":"hide","_kad_post_feature":"hide","_kad_post_feature_position":"","_kad_post_header":false,"_kad_post_footer":false,"footnotes":""},"_links":{"self":[{"href":"https:\/\/www.yutek.com.tr\/index.php?rest_route=\/wp\/v2\/pages\/186"}],"collection":[{"href":"https:\/\/www.yutek.com.tr\/index.php?rest_route=\/wp\/v2\/pages"}],"about":[{"href":"https:\/\/www.yutek.com.tr\/index.php?rest_route=\/wp\/v2\/types\/page"}],"author":[{"embeddable":true,"href":"https:\/\/www.yutek.com.tr\/index.php?rest_route=\/wp\/v2\/users\/1"}],"replies":[{"embeddable":true,"href":"https:\/\/www.yutek.com.tr\/index.php?rest_route=%2Fwp%2Fv2%2Fcomments&post=186"}],"version-history":[{"count":0,"href":"https:\/\/www.yutek.com.tr\/index.php?rest_route=\/wp\/v2\/pages\/186\/revisions"}],"wp:attachment":[{"href":"https:\/\/www.yutek.com.tr\/index.php?rest_route=%2Fwp%2Fv2%2Fmedia&parent=186"}],"curies":[{"name":"wp","href":"https:\/\/api.w.org\/{rel}","templated":true}]}}