{"id":544,"date":"2024-06-09T20:57:51","date_gmt":"2024-06-09T17:57:51","guid":{"rendered":"https:\/\/www.yutek.com.tr\/?post_type=product&#038;p=544"},"modified":"2024-06-09T21:13:28","modified_gmt":"2024-06-09T18:13:28","slug":"dc-pulse-guc-kaynagi","status":"publish","type":"product","link":"https:\/\/www.yutek.com.tr\/?product=dc-pulse-guc-kaynagi","title":{"rendered":"DC-PULSE G\u00fc\u00e7 Kayna\u011f\u0131"},"content":{"rendered":"<p>Yerli ve Milli \u00dcretim<\/p>\n<p>Rack tipi Kullan\u0131m<br \/>\nDC veya pulse verebilme<br \/>\nCihaz G\u00fcc\u00fc 5kW<br \/>\nLCD Ekran<br \/>\nKullan\u0131c\u0131 Dostu Kullan\u0131m<br \/>\nEnd\u00fcstriyel Kullan\u0131m \/ Kesintisiz \u00c7al\u0131\u015fma<br \/>\nGeni\u015f Koruma Yap\u0131s\u0131; K\u0131sa devre, Bo\u015fta \u00c7al\u0131\u015fma, A\u015f\u0131r\u0131 y\u00fck, A\u015f\u0131r\u0131 \u0131s\u0131 vs.<br \/>\nIGBT G\u00fc\u00e7 Yap\u0131s\u0131<br \/>\nY\u00fcksek verimli \u00c7al\u0131\u015fma<br \/>\nTamamen Dijital Yap\u0131<br \/>\n\u0130zole \u00c7\u0131k\u0131\u015f Yap\u0131s\u0131<\/p>\n","protected":false},"excerpt":{"rendered":"<p>Yerli ve Milli \u00dcretim Rack tipi Kullan\u0131m DC veya pulse verebilme Cihaz G\u00fcc\u00fc 5kW LCD Ekran Kullan\u0131c\u0131 Dostu Kullan\u0131m End\u00fcstriyel Kullan\u0131m \/ Kesintisiz \u00c7al\u0131\u015fma Geni\u015f Koruma Yap\u0131s\u0131; K\u0131sa devre, Bo\u015fta \u00c7al\u0131\u015fma, A\u015f\u0131r\u0131 y\u00fck, A\u015f\u0131r\u0131 \u0131s\u0131 vs. IGBT G\u00fc\u00e7 Yap\u0131s\u0131 Y\u00fcksek verimli \u00c7al\u0131\u015fma Tamamen Dijital Yap\u0131 \u0130zole \u00c7\u0131k\u0131\u015f Yap\u0131s\u0131<\/p>\n","protected":false},"featured_media":546,"comment_status":"open","ping_status":"closed","template":"","meta":{"_kad_post_transparent":"default","_kad_post_title":"","_kad_post_layout":"default","_kad_post_sidebar_id":"","_kad_post_content_style":"default","_kad_post_vertical_padding":"default","_kad_post_feature":"","_kad_post_feature_position":"","_kad_post_header":false,"_kad_post_footer":false},"product_cat":[30,32],"product_tag":[],"_links":{"self":[{"href":"https:\/\/www.yutek.com.tr\/index.php?rest_route=\/wp\/v2\/product\/544"}],"collection":[{"href":"https:\/\/www.yutek.com.tr\/index.php?rest_route=\/wp\/v2\/product"}],"about":[{"href":"https:\/\/www.yutek.com.tr\/index.php?rest_route=\/wp\/v2\/types\/product"}],"replies":[{"embeddable":true,"href":"https:\/\/www.yutek.com.tr\/index.php?rest_route=%2Fwp%2Fv2%2Fcomments&post=544"}],"version-history":[{"count":0,"href":"https:\/\/www.yutek.com.tr\/index.php?rest_route=\/wp\/v2\/product\/544\/revisions"}],"wp:featuredmedia":[{"embeddable":true,"href":"https:\/\/www.yutek.com.tr\/index.php?rest_route=\/wp\/v2\/media\/546"}],"wp:attachment":[{"href":"https:\/\/www.yutek.com.tr\/index.php?rest_route=%2Fwp%2Fv2%2Fmedia&parent=544"}],"wp:term":[{"taxonomy":"product_cat","embeddable":true,"href":"https:\/\/www.yutek.com.tr\/index.php?rest_route=%2Fwp%2Fv2%2Fproduct_cat&post=544"},{"taxonomy":"product_tag","embeddable":true,"href":"https:\/\/www.yutek.com.tr\/index.php?rest_route=%2Fwp%2Fv2%2Fproduct_tag&post=544"}],"curies":[{"name":"wp","href":"https:\/\/api.w.org\/{rel}","templated":true}]}}